 173
List the prime factors of 820705.
5, 19, 53, 163
What are the prime factors of 20090331?
3, 43, 51913
What are the prime factors of 179392?
2, 2803
What are the prime factors of 514030?
2, 5, 11, 4673
What are the prime factors of 344468?
2, 86117
List the prime factors of 813203.
813203
What are the prime factors of 5273601?
3, 23, 3323
List the prime factors of 223051.
223051
What are the prime factors of 670137?
3, 13, 17183
List the prime factors of 46491.
3, 15497
List the prime factors of 27639427.
27639427
What are the prime factors of 378071?
378071
What are the prime factors of 61990?
2, 5, 6199
List the prime factors of 2909990.
2, 5, 290999
What are the prime factors of 424824?
2, 3, 31, 571
What are the prime factors of 330494?
2, 165247
List the prime factors of 3677431.
19, 193549
List the prime factors of 32271314.
2, 149, 108293
What are the prime factors of 592057?
592057
List the prime factors of 3915212.
2, 7, 67, 2087
What are the prime factors of 62295?
3, 5, 4153
What are the prime factors of 2026355?
5, 59, 6869
List the prime factors of 93929.
11, 8539
List the prime factors of 4317165.
3, 5, 113, 283
List the prime factors of 77203.
7, 41, 269
What are the prime factors of 62113?
179, 347
List the prime factors of 35919.
3, 13, 307
List the prime factors of 646152.
2, 3, 13, 19, 109
What are the prime factors of 14114008?
2, 1764251
What are the prime factors of 136700?
2, 5, 1367
List the prime factors of 3826838.
2, 1913419
What are the prime factors of 197608?
2, 17, 1453
What are the prime factors of 44684?
2, 11171
List the prime factors of 1732141.
29, 59729
What are the prime factors of 3663900?
2, 3, 5, 23, 59
What are the prime factors of 917203?
7, 283, 463
What are the prime factors of 117325?
5, 13, 19
What are the prime factors of 443674?
2, 7, 11, 43, 67
What are the prime factors of 2691352?
2, 336419
What are the prime factors of 10228473?
3, 71, 16007
What are the prime factors of 232264?
2, 29033
List the prime factors of 631651.
601, 1051
What are the prime factors of 263106?
2, 3, 47, 311
List the prime factors of 189582.
2, 3, 19, 1663
What are the prime factors of 836496?
2, 3, 37, 157
What are the prime factors of 837415?
5, 167483
What are the prime factors of 506898?
2, 3, 7, 149
What are the prime factors of 29670287?
17, 1745311
List the prime factors of 3670711.
11, 333701
List the prime factors of 1182984.
2, 3, 11, 4481
What are the prime factors of 3581246?
2, 1790623
List the prime factors of 327737.
327737
What are the prime factors of 155488?
2, 43, 113
What are the prime factors of 2906813?
7, 13, 17, 1879
List the prime factors of 197586.
2, 3, 3659
List the prime factors of 1056932.
2, 19, 13907
List the prime factors of 2853887.
41, 47, 1481
What are the prime factors of 6682661?
19, 509, 691
What are the prime factors of 67170?
2, 3, 5, 2239
What are the prime factors of 4255710?
2, 3, 5, 43, 3299
List the prime factors of 443867.
443867
List the prime factors of 3320066.
2, 17, 97649
List the prime factors of 307969.
307969
List the prime factors of 254659.
254659
List the prime factors of 3278109.
3, 47, 67, 347
What are the prime factors of 1558044?
2, 3, 113, 383
List the prime factors of 2644468.
2, 661117
List the prime factors of 29746.
2, 107, 139
What are the prime factors of 791849?
791849
List the prime factors of 115409.
7, 16487
List the prime factors of 6864062.
2, 3432031
List the prime factors of 23425.
5, 937
What are the prime factors of 491469?
3, 11, 53, 281
List the prime factors of 541860.
2, 3, 5, 11, 821
List the prime factors of 1516810.
2, 5, 151681
List the prime factors of 10821097.
7, 1545871
List the prime factors of 1143897.
3, 593, 643
List the prime factors of 121624.
2, 23, 661
What are the prime factors of 557658?
2, 3, 23, 449
What are the prime factors of 74077?
74077
List the prime factors of 3133227.
3, 1044409
What are the prime factors of 2171751?
3, 723917
What are the prime factors of 5678445?
3, 5, 83, 4561
What are the prime factors of 217355?
5, 29, 1499
List the prime factors of 81916.
2, 20479
What are the prime factors of 119480?
2, 5, 29, 103
What are the prime factors of 307499?
331, 929
What are the prime factors of 653613?
3, 223, 977
List the prime factors of 255887.
255887
What are the prime factors of 959607?
3, 11, 359
List the prime factors of 140555.
5, 28111
List the prime factors of 11184.
2, 3, 233
What are the prime factors of 2761332?
2, 3, 7, 71, 463
List the prime factors of 18487938.
2, 3, 7, 37, 11897
What are the prime factors of 25953803?
2297, 11299
What are the prime factors of 3408503?
7, 486929
What are the prime factors of 91465?
5, 11, 1663
List the prime factors of 266664.
2, 3, 41, 271
List the prime factors of 4525767.
3, 167621
List the prime factors of 495584.
2, 17, 911
What are the prime factors of 682987?
367, 1861
What are the prime factors of 487069?
11, 44279
List the prime factors of 5391034.
2, 11, 22277
What are the prime factors of 835099?
835099
What are the prime factors of 4287511?
4287511
What are the prime factors of 1096271?
11, 99661
List the prime factors of 364628.
2, 11, 8287
List the prime factors of 256746.
2, 3, 7, 6113
List the prime factors of 2486151.
3, 276239
What are the prime factors of 34712788?
2, 11, 788927
List the prime factors of 12496129.
19, 29, 22679
List the prime factors of 315444.
2, 3, 97, 271
What are the prime factors of 1835278?
2, 211, 4349
List the prime factors of 353081.
353081
List the prime factors of 19999584.
2, 3, 11, 59, 107
List the prime factors of 2724378.
2, 3, 454063
What are the prime factors of 25958122?
2, 23, 564307
List the prime factors of 12430262.
2, 13, 478087
List the prime factors of 8858094.
2, 3, 7, 210907
List the prime factors of 3252996.
2, 3, 109, 829
What are the prime factors of 344572?
2, 86143
What are the prime factors of 45629?
103, 443
What are the prime factors of 189101?
11, 17191
List the prime factors of 6379978.
2, 11, 289999
List the prime factors of 1545437.
367, 4211
List the prime factors of 151570.
2, 5, 23, 659
What are the prime factors of 1640014?
2, 109, 7523
What are the prime factors of 11261160?
2, 3, 5, 10427
What are the prime factors of 32818644?
2, 3, 131, 6959
List the prime factors of 713115.
3, 5, 13, 23, 53
List the prime factors of 565046.
2, 17, 16619
List the prime factors of 1985334.
2, 3, 13, 25453
List the prime factors of 154382.
2, 77191
List the prime factors of 53025.
3, 5, 7, 101
What are the prime factors of 11912625?
3, 5, 10589
List the prime factors of 2206872.
2, 3, 17, 601
What are the prime factors of 443940?
2, 3, 5, 7, 151
What are the prime factors of 26637931?
79, 337189
What are the prime factors of 353486?
2, 7, 3607
List the prime factors of 169929.
3, 79, 239
List the prime factors of 16085468.
2, 7, 17, 47, 719
What are the prime factors of 3895372?
2, 13, 23, 3257
What are the prime factors of 6675032?
2, 7, 13, 53, 173
What are the prime factors of 6008668?
2, 31, 47, 1031
List the prime factors of 7306502.
2, 7, 23, 22691
List the prime factors of 3092330.
2, 5, 109, 2837
What are the prime factors of 1800548?
2, 450137
List the prime factors of 662999.
662999
List the prime factors of 15060921.
3, 5020307
List the prime factors of 882726.
2, 3, 13, 11317
What are the prime factors of 100087?
13, 7699
List the prime factors of 3957888.
2, 3, 11, 937
What are the prime factors of 1247646?
2, 3, 207941
What are the prime factors of 8327187?
3, 11, 19, 233
List the prime factors of 152535.
3, 5, 10169
List the prime factors of 5253033.
3, 1751011
What are the prime factors of 32028086?
2, 16014043
List the prime factors of 1593424.
2, 7, 41, 347
What are the prime factors of 706574?
2, 11, 32117
List the prime factors of 9991551.
3, 373, 8929
What are the prime factors of 4820243?
19, 107, 2371
List the prime factors of 9678255.
3, 5, 41, 15737
List the prime factors of 397818.
2, 3, 53, 139
List the prime factors of 290650.
2, 5, 5813
What are the prime factors of 769886?
2, 13, 29611
List the prime factors of 453436.
2, 113359
List the prime factors of 11826096.
2, 3, 433, 569
What are the prime factors of 6436783?
389, 16547
List the prime factors of 680